{"id":5892,"date":"2025-07-29T13:30:27","date_gmt":"2025-07-29T11:30:27","guid":{"rendered":"https:\/\/www.living-berlin.com\/?post_type=store&#038;p=5892"},"modified":"2026-09-03T11:45:50","modified_gmt":"2026-09-03T09:45:50","slug":"kolors","status":"publish","type":"store","link":"https:\/\/www.living-berlin.com\/en\/store\/kolors\/","title":{"rendered":"Kolors"},"featured_media":7281,"template":"","livingcategories":[157,160,161,159,162],"class_list":["post-5892","store","type-store","status-publish","has-post-thumbnail","hentry","livingcategories-farbgestaltung","livingcategories-farbkonzepte","livingcategories-kuechenoberflaechen","livingcategories-materialien","livingcategories-wandfarben"],"yoast_head":"<!-- This site is optimized with the Yoast SEO plugin v28.4 - https:\/\/yoast.com\/product\/yoast-seo-wordpress\/ -->\n<title>LIVING BERLIN &#8211; Kolors<\/title>\n<meta name=\"description\" content=\"Bei Kolors dreht sich alles um Farbe als verbindendes Element im Raum. Das Berliner Label entwickelt ganzheitliche Farb- und Materialkonzepte, bei denen W\u00e4nde, Oberfl\u00e4chen, M\u00f6bel, K\u00fcchenfronten und Stauraum farblich aufeinander abgestimmt werden. So entsteht eine durchg\u00e4ngige Gestaltung \u00fcber unterschiedliche Materialien hinweg.\" \/>\n<meta name=\"robots\" content=\"index, follow, max-snippet:-1, max-image-preview:large, max-video-preview:-1\" \/>\n<link rel=\"canonical\" href=\"https:\/\/www.living-berlin.com\/en\/store\/kolors\/\" \/>\n<meta property=\"og:locale\" content=\"en_US\" \/>\n<meta property=\"og:type\" content=\"article\" \/>\n<meta property=\"og:title\" content=\"LIVING BERLIN &#8211; Kolors\" \/>\n<meta property=\"og:description\" content=\"Bei Kolors dreht sich alles um Farbe als verbindendes Element im Raum. Das Berliner Label entwickelt ganzheitliche Farb- und Materialkonzepte, bei denen W\u00e4nde, Oberfl\u00e4chen, M\u00f6bel, K\u00fcchenfronten und Stauraum farblich aufeinander abgestimmt werden. So entsteht eine durchg\u00e4ngige Gestaltung \u00fcber unterschiedliche Materialien hinweg.\" \/>\n<meta property=\"og:url\" content=\"https:\/\/www.living-berlin.com\/en\/store\/kolors\/\" \/>\n<meta property=\"og:site_name\" content=\"LIVING BERLIN\" \/>\n<meta property=\"article:publisher\" content=\"https:\/\/www.facebook.com\/Living-Berlin-100916505475436\" \/>\n<meta property=\"article:modified_time\" content=\"2026-09-03T09:45:50+00:00\" \/>\n<meta property=\"og:image\" content=\"https:\/\/www.living-berlin.com\/wp-content\/uploads\/kolors-showroom-living-berlin.jpg\" \/>\n\t<meta property=\"og:image:width\" content=\"2000\" \/>\n\t<meta property=\"og:image:height\" content=\"1000\" \/>\n\t<meta property=\"og:image:type\" content=\"image\/jpeg\" \/>\n<meta name=\"twitter:card\" content=\"summary_large_image\" \/>\n<meta name=\"twitter:label1\" content=\"Est. reading time\" \/>\n\t<meta name=\"twitter:data1\" content=\"1 minute\" \/>\n<script type=\"application\/ld+json\" class=\"yoast-schema-graph\">{\"@context\":\"https:\\\/\\\/schema.org\",\"@graph\":[{\"@type\":\"WebPage\",\"@id\":\"https:\\\/\\\/www.living-berlin.com\\\/store\\\/kolors\\\/\",\"url\":\"https:\\\/\\\/www.living-berlin.com\\\/store\\\/kolors\\\/\",\"name\":\"LIVING BERLIN &#8211; Kolors\",\"isPartOf\":{\"@id\":\"https:\\\/\\\/www.living-berlin.com\\\/#website\"},\"primaryImageOfPage\":{\"@id\":\"https:\\\/\\\/www.living-berlin.com\\\/store\\\/kolors\\\/#primaryimage\"},\"image\":{\"@id\":\"https:\\\/\\\/www.living-berlin.com\\\/store\\\/kolors\\\/#primaryimage\"},\"thumbnailUrl\":\"https:\\\/\\\/www.living-berlin.com\\\/wp-content\\\/uploads\\\/kolors-showroom-living-berlin.jpg\",\"datePublished\":\"2025-07-29T11:30:27+00:00\",\"dateModified\":\"2026-09-03T09:45:50+00:00\",\"description\":\"Bei Kolors dreht sich alles um Farbe als verbindendes Element im Raum. Das Berliner Label entwickelt ganzheitliche Farb- und Materialkonzepte, bei denen W\u00e4nde, Oberfl\u00e4chen, M\u00f6bel, K\u00fcchenfronten und Stauraum farblich aufeinander abgestimmt werden. So entsteht eine durchg\u00e4ngige Gestaltung \u00fcber unterschiedliche Materialien hinweg.\",\"breadcrumb\":{\"@id\":\"https:\\\/\\\/www.living-berlin.com\\\/store\\\/kolors\\\/#breadcrumb\"},\"inLanguage\":\"en-US\",\"potentialAction\":[{\"@type\":\"ReadAction\",\"target\":[\"https:\\\/\\\/www.living-berlin.com\\\/store\\\/kolors\\\/\"]}]},{\"@type\":\"ImageObject\",\"inLanguage\":\"en-US\",\"@id\":\"https:\\\/\\\/www.living-berlin.com\\\/store\\\/kolors\\\/#primaryimage\",\"url\":\"https:\\\/\\\/www.living-berlin.com\\\/wp-content\\\/uploads\\\/kolors-showroom-living-berlin.jpg\",\"contentUrl\":\"https:\\\/\\\/www.living-berlin.com\\\/wp-content\\\/uploads\\\/kolors-showroom-living-berlin.jpg\",\"width\":2000,\"height\":1000,\"caption\":\"kolors showroom living berlin\"},{\"@type\":\"BreadcrumbList\",\"@id\":\"https:\\\/\\\/www.living-berlin.com\\\/store\\\/kolors\\\/#breadcrumb\",\"itemListElement\":[{\"@type\":\"ListItem\",\"position\":1,\"name\":\"Home\",\"item\":\"https:\\\/\\\/www.living-berlin.com\\\/\"},{\"@type\":\"ListItem\",\"position\":2,\"name\":\"Stores\",\"item\":\"https:\\\/\\\/www.living-berlin.com\\\/stores\\\/\"},{\"@type\":\"ListItem\",\"position\":3,\"name\":\"Kolors\"}]},{\"@type\":\"WebSite\",\"@id\":\"https:\\\/\\\/www.living-berlin.com\\\/#website\",\"url\":\"https:\\\/\\\/www.living-berlin.com\\\/\",\"name\":\"LIVING BERLIN\",\"description\":\"HOME OF INTERIOR DREAMS\",\"publisher\":{\"@id\":\"https:\\\/\\\/www.living-berlin.com\\\/#organization\"},\"alternateName\":\"Living Berlin\",\"potentialAction\":[{\"@type\":\"SearchAction\",\"target\":{\"@type\":\"EntryPoint\",\"urlTemplate\":\"https:\\\/\\\/www.living-berlin.com\\\/?s={search_term_string}\"},\"query-input\":{\"@type\":\"PropertyValueSpecification\",\"valueRequired\":true,\"valueName\":\"search_term_string\"}}],\"inLanguage\":\"en-US\"},{\"@type\":\"Organization\",\"@id\":\"https:\\\/\\\/www.living-berlin.com\\\/#organization\",\"name\":\"LIVING BERLIN\",\"alternateName\":[\"LIVING BERLIN\",\"Living Berlin\",\"Living Berlin - Home of Interior Dreams\",\"LIVING BERLIN \u2013 25 YEARS HOME OF INTERIOR DREAMS\"],\"url\":\"https:\\\/\\\/www.living-berlin.com\\\/\",\"logo\":{\"@type\":\"ImageObject\",\"inLanguage\":\"en-US\",\"@id\":\"https:\\\/\\\/www.living-berlin.com\\\/#\\\/schema\\\/logo\\\/image\\\/\",\"url\":\"https:\\\/\\\/www.living-berlin.com\\\/wp-content\\\/uploads\\\/logo_alt.svg\",\"contentUrl\":\"https:\\\/\\\/www.living-berlin.com\\\/wp-content\\\/uploads\\\/logo_alt.svg\",\"width\":83,\"height\":84,\"caption\":\"LIVING BERLIN\"},\"image\":{\"@id\":\"https:\\\/\\\/www.living-berlin.com\\\/#\\\/schema\\\/logo\\\/image\\\/\"},\"sameAs\":[\"https:\\\/\\\/www.facebook.com\\\/Living-Berlin-100916505475436\",\"https:\\\/\\\/www.instagram.com\\\/livingberlincom\\\/\",\"https:\\\/\\\/www.pinterest.co.uk\\\/LivingBerlin\\\/\",\"https:\\\/\\\/www.linkedin.com\\\/company\\\/living-berlin\\\/\"]}]}<\/script>\n<!-- \/ Yoast SEO plugin. -->","yoast_head_json":{"title":"LIVING BERLIN &#8211; Kolors","description":"Bei Kolors dreht sich alles um Farbe als verbindendes Element im Raum. Das Berliner Label entwickelt ganzheitliche Farb- und Materialkonzepte, bei denen W\u00e4nde, Oberfl\u00e4chen, M\u00f6bel, K\u00fcchenfronten und Stauraum farblich aufeinander abgestimmt werden. So entsteht eine durchg\u00e4ngige Gestaltung \u00fcber unterschiedliche Materialien hinweg.","robots":{"index":"index","follow":"follow","max-snippet":"max-snippet:-1","max-image-preview":"max-image-preview:large","max-video-preview":"max-video-preview:-1"},"canonical":"https:\/\/www.living-berlin.com\/en\/store\/kolors\/","og_locale":"en_US","og_type":"article","og_title":"LIVING BERLIN &#8211; Kolors","og_description":"Bei Kolors dreht sich alles um Farbe als verbindendes Element im Raum. Das Berliner Label entwickelt ganzheitliche Farb- und Materialkonzepte, bei denen W\u00e4nde, Oberfl\u00e4chen, M\u00f6bel, K\u00fcchenfronten und Stauraum farblich aufeinander abgestimmt werden. So entsteht eine durchg\u00e4ngige Gestaltung \u00fcber unterschiedliche Materialien hinweg.","og_url":"https:\/\/www.living-berlin.com\/en\/store\/kolors\/","og_site_name":"LIVING BERLIN","article_publisher":"https:\/\/www.facebook.com\/Living-Berlin-100916505475436","article_modified_time":"2026-09-03T09:45:50+00:00","og_image":[{"width":2000,"height":1000,"url":"https:\/\/www.living-berlin.com\/wp-content\/uploads\/kolors-showroom-living-berlin.jpg","type":"image\/jpeg"}],"twitter_card":"summary_large_image","twitter_misc":{"Est. reading time":"1 minute"},"schema":{"@context":"https:\/\/schema.org","@graph":[{"@type":"WebPage","@id":"https:\/\/www.living-berlin.com\/store\/kolors\/","url":"https:\/\/www.living-berlin.com\/store\/kolors\/","name":"LIVING BERLIN &#8211; Kolors","isPartOf":{"@id":"https:\/\/www.living-berlin.com\/#website"},"primaryImageOfPage":{"@id":"https:\/\/www.living-berlin.com\/store\/kolors\/#primaryimage"},"image":{"@id":"https:\/\/www.living-berlin.com\/store\/kolors\/#primaryimage"},"thumbnailUrl":"https:\/\/www.living-berlin.com\/wp-content\/uploads\/kolors-showroom-living-berlin.jpg","datePublished":"2025-07-29T11:30:27+00:00","dateModified":"2026-09-03T09:45:50+00:00","description":"Bei Kolors dreht sich alles um Farbe als verbindendes Element im Raum. Das Berliner Label entwickelt ganzheitliche Farb- und Materialkonzepte, bei denen W\u00e4nde, Oberfl\u00e4chen, M\u00f6bel, K\u00fcchenfronten und Stauraum farblich aufeinander abgestimmt werden. So entsteht eine durchg\u00e4ngige Gestaltung \u00fcber unterschiedliche Materialien hinweg.","breadcrumb":{"@id":"https:\/\/www.living-berlin.com\/store\/kolors\/#breadcrumb"},"inLanguage":"en-US","potentialAction":[{"@type":"ReadAction","target":["https:\/\/www.living-berlin.com\/store\/kolors\/"]}]},{"@type":"ImageObject","inLanguage":"en-US","@id":"https:\/\/www.living-berlin.com\/store\/kolors\/#primaryimage","url":"https:\/\/www.living-berlin.com\/wp-content\/uploads\/kolors-showroom-living-berlin.jpg","contentUrl":"https:\/\/www.living-berlin.com\/wp-content\/uploads\/kolors-showroom-living-berlin.jpg","width":2000,"height":1000,"caption":"kolors showroom living berlin"},{"@type":"BreadcrumbList","@id":"https:\/\/www.living-berlin.com\/store\/kolors\/#breadcrumb","itemListElement":[{"@type":"ListItem","position":1,"name":"Home","item":"https:\/\/www.living-berlin.com\/"},{"@type":"ListItem","position":2,"name":"Stores","item":"https:\/\/www.living-berlin.com\/stores\/"},{"@type":"ListItem","position":3,"name":"Kolors"}]},{"@type":"WebSite","@id":"https:\/\/www.living-berlin.com\/#website","url":"https:\/\/www.living-berlin.com\/","name":"LIVING BERLIN","description":"HOME OF INTERIOR DREAMS","publisher":{"@id":"https:\/\/www.living-berlin.com\/#organization"},"alternateName":"Living Berlin","potentialAction":[{"@type":"SearchAction","target":{"@type":"EntryPoint","urlTemplate":"https:\/\/www.living-berlin.com\/?s={search_term_string}"},"query-input":{"@type":"PropertyValueSpecification","valueRequired":true,"valueName":"search_term_string"}}],"inLanguage":"en-US"},{"@type":"Organization","@id":"https:\/\/www.living-berlin.com\/#organization","name":"LIVING BERLIN","alternateName":["LIVING BERLIN","Living Berlin","Living Berlin - Home of Interior Dreams","LIVING BERLIN \u2013 25 YEARS HOME OF INTERIOR DREAMS"],"url":"https:\/\/www.living-berlin.com\/","logo":{"@type":"ImageObject","inLanguage":"en-US","@id":"https:\/\/www.living-berlin.com\/#\/schema\/logo\/image\/","url":"https:\/\/www.living-berlin.com\/wp-content\/uploads\/logo_alt.svg","contentUrl":"https:\/\/www.living-berlin.com\/wp-content\/uploads\/logo_alt.svg","width":83,"height":84,"caption":"LIVING BERLIN"},"image":{"@id":"https:\/\/www.living-berlin.com\/#\/schema\/logo\/image\/"},"sameAs":["https:\/\/www.facebook.com\/Living-Berlin-100916505475436","https:\/\/www.instagram.com\/livingberlincom\/","https:\/\/www.pinterest.co.uk\/LivingBerlin\/","https:\/\/www.linkedin.com\/company\/living-berlin\/"]}]}},"acf":[],"_links":{"self":[{"href":"https:\/\/www.living-berlin.com\/en\/wp-json\/wp\/v2\/store\/5892","targetHints":{"allow":["GET"]}}],"collection":[{"href":"https:\/\/www.living-berlin.com\/en\/wp-json\/wp\/v2\/store"}],"about":[{"href":"https:\/\/www.living-berlin.com\/en\/wp-json\/wp\/v2\/types\/store"}],"version-history":[{"count":14,"href":"https:\/\/www.living-berlin.com\/en\/wp-json\/wp\/v2\/store\/5892\/revisions"}],"predecessor-version":[{"id":7295,"href":"https:\/\/www.living-berlin.com\/en\/wp-json\/wp\/v2\/store\/5892\/revisions\/7295"}],"wp:featuredmedia":[{"embeddable":true,"href":"https:\/\/www.living-berlin.com\/en\/wp-json\/wp\/v2\/media\/7281"}],"wp:attachment":[{"href":"https:\/\/www.living-berlin.com\/en\/wp-json\/wp\/v2\/media?parent=5892"}],"wp:term":[{"taxonomy":"livingcategories","embeddable":true,"href":"https:\/\/www.living-berlin.com\/en\/wp-json\/wp\/v2\/livingcategories?post=5892"}],"curies":[{"name":"wp","href":"https:\/\/api.w.org\/{rel}","templated":true}]}}

<!-- This site is optimized with the Yoast SEO plugin v28.4 - https://yoast.com/product/yoast-seo-wordpress/ -->
<title>LIVING BERLIN &#8211; Kolors</title>
<meta name="description" content="Bei Kolors dreht sich alles um Farbe als verbindendes Element im Raum. Das Berliner Label entwickelt ganzheitliche Farb- und Materialkonzepte, bei denen Wände, Oberflächen, Möbel, Küchenfronten und Stauraum farblich aufeinander abgestimmt werden. So entsteht eine durchgängige Gestaltung über unterschiedliche Materialien hinweg." />
<meta name="robots" content="index, follow, max-snippet:-1, max-image-preview:large, max-video-preview:-1" />
<link rel="canonical" href="https://www.living-berlin.com/en/store/kolors/" />
<meta property="og:locale" content="en_US" />
<meta property="og:type" content="article" />
<meta property="og:title" content="LIVING BERLIN &#8211; Kolors" />
<meta property="og:description" content="Bei Kolors dreht sich alles um Farbe als verbindendes Element im Raum. Das Berliner Label entwickelt ganzheitliche Farb- und Materialkonzepte, bei denen Wände, Oberflächen, Möbel, Küchenfronten und Stauraum farblich aufeinander abgestimmt werden. So entsteht eine durchgängige Gestaltung über unterschiedliche Materialien hinweg." />
<meta property="og:url" content="https://www.living-berlin.com/en/store/kolors/" />
<meta property="og:site_name" content="LIVING BERLIN" />
<meta property="article:publisher" content="https://www.facebook.com/Living-Berlin-100916505475436" />
<meta property="article:modified_time" content="2026-09-03T09:45:50+00:00" />
<meta property="og:image" content="https://www.living-berlin.com/wp-content/uploads/kolors-showroom-living-berlin.jpg" />
	<meta property="og:image:width" content="2000" />
	<meta property="og:image:height" content="1000" />
	<meta property="og:image:type" content="image/jpeg" />
<meta name="twitter:card" content="summary_large_image" />
<meta name="twitter:label1" content="Est. reading time" />
	<meta name="twitter:data1" content="1 minute" />
<script type="application/ld+json" class="yoast-schema-graph">{"@context":"https:\/\/schema.org","@graph":[{"@type":"WebPage","@id":"https:\/\/www.living-berlin.com\/store\/kolors\/","url":"https:\/\/www.living-berlin.com\/store\/kolors\/","name":"LIVING BERLIN &#8211; Kolors","isPartOf":{"@id":"https:\/\/www.living-berlin.com\/#website"},"primaryImageOfPage":{"@id":"https:\/\/www.living-berlin.com\/store\/kolors\/#primaryimage"},"image":{"@id":"https:\/\/www.living-berlin.com\/store\/kolors\/#primaryimage"},"thumbnailUrl":"https:\/\/www.living-berlin.com\/wp-content\/uploads\/kolors-showroom-living-berlin.jpg","datePublished":"2025-07-29T11:30:27+00:00","dateModified":"2026-09-03T09:45:50+00:00","description":"Bei Kolors dreht sich alles um Farbe als verbindendes Element im Raum. Das Berliner Label entwickelt ganzheitliche Farb- und Materialkonzepte, bei denen Wände, Oberflächen, Möbel, Küchenfronten und Stauraum farblich aufeinander abgestimmt werden. So entsteht eine durchgängige Gestaltung über unterschiedliche Materialien hinweg.","breadcrumb":{"@id":"https:\/\/www.living-berlin.com\/store\/kolors\/#breadcrumb"},"inLanguage":"en-US","potentialAction":[{"@type":"ReadAction","target":["https:\/\/www.living-berlin.com\/store\/kolors\/"]}]},{"@type":"ImageObject","inLanguage":"en-US","@id":"https:\/\/www.living-berlin.com\/store\/kolors\/#primaryimage","url":"https:\/\/www.living-berlin.com\/wp-content\/uploads\/kolors-showroom-living-berlin.jpg","contentUrl":"https:\/\/www.living-berlin.com\/wp-content\/uploads\/kolors-showroom-living-berlin.jpg","width":2000,"height":1000,"caption":"kolors showroom living berlin"},{"@type":"BreadcrumbList","@id":"https:\/\/www.living-berlin.com\/store\/kolors\/#breadcrumb","itemListElement":[{"@type":"ListItem","position":1,"name":"Home","item":"https:\/\/www.living-berlin.com\/"},{"@type":"ListItem","position":2,"name":"Stores","item":"https:\/\/www.living-berlin.com\/stores\/"},{"@type":"ListItem","position":3,"name":"Kolors"}]},{"@type":"WebSite","@id":"https:\/\/www.living-berlin.com\/#website","url":"https:\/\/www.living-berlin.com\/","name":"LIVING BERLIN","description":"HOME OF INTERIOR DREAMS","publisher":{"@id":"https:\/\/www.living-berlin.com\/#organization"},"alternateName":"Living Berlin","potentialAction":[{"@type":"SearchAction","target":{"@type":"EntryPoint","urlTemplate":"https:\/\/www.living-berlin.com\/?s={search_term_string}"},"query-input":{"@type":"PropertyValueSpecification","valueRequired":true,"valueName":"search_term_string"}}],"inLanguage":"en-US"},{"@type":"Organization","@id":"https:\/\/www.living-berlin.com\/#organization","name":"LIVING BERLIN","alternateName":["LIVING BERLIN","Living Berlin","Living Berlin - Home of Interior Dreams","LIVING BERLIN – 25 YEARS HOME OF INTERIOR DREAMS"],"url":"https:\/\/www.living-berlin.com\/","logo":{"@type":"ImageObject","inLanguage":"en-US","@id":"https:\/\/www.living-berlin.com\/#\/schema\/logo\/image\/","url":"https:\/\/www.living-berlin.com\/wp-content\/uploads\/logo_alt.svg","contentUrl":"https:\/\/www.living-berlin.com\/wp-content\/uploads\/logo_alt.svg","width":83,"height":84,"caption":"LIVING BERLIN"},"image":{"@id":"https:\/\/www.living-berlin.com\/#\/schema\/logo\/image\/"},"sameAs":["https:\/\/www.facebook.com\/Living-Berlin-100916505475436","https:\/\/www.instagram.com\/livingberlincom\/","https:\/\/www.pinterest.co.uk\/LivingBerlin\/","https:\/\/www.linkedin.com\/company\/living-berlin\/"]}]}</script>
<!-- / Yoast SEO plugin. -->

Bei Kolors dreht sich alles um Farbe als verbindendes Element im Raum. Das Berliner Label entwickelt ganzheitliche Farb- und Materialkonzepte, bei denen Wände, Oberflächen, Möbel, Küchenfronten und Stauraum farblich aufeinander abgestimmt werden. So entsteht eine durchgängige Gestaltung über unterschiedliche Materialien hinweg.
